{"id":1802,"date":"2016-12-02T16:00:39","date_gmt":"2016-12-02T16:00:39","guid":{"rendered":"http:\/\/www.cmsr.com.ar\/medicos\/?page_id=1802"},"modified":"2020-01-21T16:46:58","modified_gmt":"2020-01-21T16:46:58","slug":"medicina-general","status":"publish","type":"page","link":"http:\/\/www.cmsr.com.ar\/medicos\/medicina-general\/","title":{"rendered":"Medicina General"},"content":{"rendered":"<p><img decoding=\"async\" loading=\"lazy\" class=\" wp-image-3716\" src=\"http:\/\/www.cmsr.com.ar\/medicos\/wp-content\/uploads\/2016\/12\/istockphoto-912401464-612x612-300x200.jpg\" alt=\"\" width=\"410\" height=\"273\" srcset=\"http:\/\/www.cmsr.com.ar\/medicos\/wp-content\/uploads\/2016\/12\/istockphoto-912401464-612x612-300x200.jpg 300w, http:\/\/www.cmsr.com.ar\/medicos\/wp-content\/uploads\/2016\/12\/istockphoto-912401464-612x612.jpg 612w\" sizes=\"(max-width: 410px) 100vw, 410px\" \/><\/p>\n\n<!-- NOTE: If you need to make changes to this file, copy it to your current theme's main\n\tdirectory so your changes won't be overwritten when the plugin is upgraded. -->\n\n<!-- Post Wrap Start-->\n<div class=\"post hentry ivycat-post\">\n\n\t<!-- \tThis outputs the post TITLE -->\n\t<h2 class=\"entry-title\"><a href=\"http:\/\/www.cmsr.com.ar\/medicos\/2016\/11\/18\/calla-guerrero-jaime\/\">Calla Guerrero, Jaime<\/a><\/h2>\n\n\t<!-- \tThis outputs the post EXCERPT.  To display full content including images and html,\n\t\treplace the_excerpt(); with the_content();  below. -->\n\t<div class=\"entry-summary\">\n\t\t<p>MEDICINA GENERAL MP 4809 \/ Col\u00f3n 214 \/ 4426566 Martes a Viernes de 16 a 20 hs.<\/p>\n\t<\/div>\n\n\t<!--\tThis outputs the post META information -->\n\t<div class=\"entry-utility\">\n\t\t\t\t\t<span class=\"cat-links\">\n\t\t\t\t<span class=\"entry-utility-prep entry-utility-prep-cat-links\">Posted in<\/span> <a href=\"http:\/\/www.cmsr.com.ar\/medicos\/category\/principal\/profesionales\/medicina-general\/\" rel=\"category tag\">MEDICINA GENERAL<\/a>\t\t\t<\/span>\n\t\t\t<span class=\"meta-sep\">|<\/span>\n\t\t\t\t\t\t<span class=\"comments-link\">\n\t\t\t<a href=\"http:\/\/www.cmsr.com.ar\/medicos\/2016\/11\/18\/calla-guerrero-jaime\/#respond\">Leave a comment<\/a>\t\t<\/span>\n\t\t\t<\/div>\n<\/div>\n<!-- \/\/ Post Wrap End -->\n\n<!-- NOTE: If you need to make changes to this file, copy it to your current theme's main\n\tdirectory so your changes won't be overwritten when the plugin is upgraded. -->\n\n<!-- Post Wrap Start-->\n<div class=\"post hentry ivycat-post\">\n\n\t<!-- \tThis outputs the post TITLE -->\n\t<h2 class=\"entry-title\"><a href=\"http:\/\/www.cmsr.com.ar\/medicos\/2022\/04\/29\/franks-orlando-alberto\/\">Franks, Orlando Alberto.<\/a><\/h2>\n\n\t<!-- \tThis outputs the post EXCERPT.  To display full content including images and html,\n\t\treplace the_excerpt(); with the_content();  below. -->\n\t<div class=\"entry-summary\">\n\t\t<p>MEDICINA GENERAL MP. 6936\/ Los Sauces 940 \/ Lunes a Viernes de 16 a 20\/ Tel:2604113812<\/p>\n\t<\/div>\n\n\t<!--\tThis outputs the post META information -->\n\t<div class=\"entry-utility\">\n\t\t\t\t\t<span class=\"cat-links\">\n\t\t\t\t<span class=\"entry-utility-prep entry-utility-prep-cat-links\">Posted in<\/span> <a href=\"http:\/\/www.cmsr.com.ar\/medicos\/category\/principal\/profesionales\/medicina-general\/\" rel=\"category tag\">MEDICINA GENERAL<\/a>\t\t\t<\/span>\n\t\t\t<span class=\"meta-sep\">|<\/span>\n\t\t\t\t\t\t<span class=\"comments-link\">\n\t\t\t<span>Comentarios desactivados<span class=\"screen-reader-text\"> en Franks, Orlando Alberto.<\/span><\/span>\t\t<\/span>\n\t\t\t<\/div>\n<\/div>\n<!-- \/\/ Post Wrap End -->\n\n<!-- NOTE: If you need to make changes to this file, copy it to your current theme's main\n\tdirectory so your changes won't be overwritten when the plugin is upgraded. -->\n\n<!-- Post Wrap Start-->\n<div class=\"post hentry ivycat-post\">\n\n\t<!-- \tThis outputs the post TITLE -->\n\t<h2 class=\"entry-title\"><a href=\"http:\/\/www.cmsr.com.ar\/medicos\/2023\/07\/05\/fredes-vanesa-valeria\/\">Fredes, Vanesa Valeria<\/a><\/h2>\n\n\t<!-- \tThis outputs the post EXCERPT.  To display full content including images and html,\n\t\treplace the_excerpt(); with the_content();  below. -->\n\t<div class=\"entry-summary\">\n\t\t<p>MEDICINA GENERAL MP:14087\/ Agust\u00edn \u00c1lvarez e Hip\u00f3lito Yrigoyen (GALA)\/ 351-3918555\/ Lunes, Martes y Mi\u00e9rcoles de 9 a 12 y de 16 a 20hs.<\/p>\n\t<\/div>\n\n\t<!--\tThis outputs the post META information -->\n\t<div class=\"entry-utility\">\n\t\t\t\t\t<span class=\"cat-links\">\n\t\t\t\t<span class=\"entry-utility-prep entry-utility-prep-cat-links\">Posted in<\/span> <a href=\"http:\/\/www.cmsr.com.ar\/medicos\/category\/principal\/profesionales\/medicina-general\/\" rel=\"category tag\">MEDICINA GENERAL<\/a>\t\t\t<\/span>\n\t\t\t<span class=\"meta-sep\">|<\/span>\n\t\t\t\t\t\t<span class=\"comments-link\">\n\t\t\t<span>Comentarios desactivados<span class=\"screen-reader-text\"> en Fredes, Vanesa Valeria<\/span><\/span>\t\t<\/span>\n\t\t\t<\/div>\n<\/div>\n<!-- \/\/ Post Wrap End -->\n\n<!-- NOTE: If you need to make changes to this file, copy it to your current theme's main\n\tdirectory so your changes won't be overwritten when the plugin is upgraded. -->\n\n<!-- Post Wrap Start-->\n<div class=\"post hentry ivycat-post\">\n\n\t<!-- \tThis outputs the post TITLE -->\n\t<h2 class=\"entry-title\"><a href=\"http:\/\/www.cmsr.com.ar\/medicos\/2016\/11\/18\/gonzalez-telmo-natalia\/\">Gonz\u00e1lez Telmo, Natalia<\/a><\/h2>\n\n\t<!-- \tThis outputs the post EXCERPT.  To display full content including images and html,\n\t\treplace the_excerpt(); with the_content();  below. -->\n\t<div class=\"entry-summary\">\n\t\t<p>MEDICINA GENERAL MP 12235 \/ San Lorenzo 187 \/\u00a02604437037 &#8211; 2604381010 Martes, Jueves y Viernes 9 a 12 &#8211; Mi\u00e9rcoles de 15 a 20 hs.<\/p>\n\t<\/div>\n\n\t<!--\tThis outputs the post META information -->\n\t<div class=\"entry-utility\">\n\t\t\t\t\t<span class=\"cat-links\">\n\t\t\t\t<span class=\"entry-utility-prep entry-utility-prep-cat-links\">Posted in<\/span> <a href=\"http:\/\/www.cmsr.com.ar\/medicos\/category\/principal\/profesionales\/medicina-general\/\" rel=\"category tag\">MEDICINA GENERAL<\/a>\t\t\t<\/span>\n\t\t\t<span class=\"meta-sep\">|<\/span>\n\t\t\t\t\t\t<span class=\"comments-link\">\n\t\t\t<a href=\"http:\/\/www.cmsr.com.ar\/medicos\/2016\/11\/18\/gonzalez-telmo-natalia\/#respond\">Leave a comment<\/a>\t\t<\/span>\n\t\t\t<\/div>\n<\/div>\n<!-- \/\/ Post Wrap End -->\n\n<!-- NOTE: If you need to make changes to this file, copy it to your current theme's main\n\tdirectory so your changes won't be overwritten when the plugin is upgraded. -->\n\n<!-- Post Wrap Start-->\n<div class=\"post hentry ivycat-post\">\n\n\t<!-- \tThis outputs the post TITLE -->\n\t<h2 class=\"entry-title\"><a href=\"http:\/\/www.cmsr.com.ar\/medicos\/2022\/04\/06\/lamolla-carla-romina\/\">Lamolla, Carla Romina<\/a><\/h2>\n\n\t<!-- \tThis outputs the post EXCERPT.  To display full content including images and html,\n\t\treplace the_excerpt(); with the_content();  below. -->\n\t<div class=\"entry-summary\">\n\t\t<p>MEDICA MP.13203 \/ Buenos Aires 172 \/ Martes, Jueves y Viernes de 14:00 a 21:00 Hs \/ Tel:2604289433<\/p>\n\t<\/div>\n\n\t<!--\tThis outputs the post META information -->\n\t<div class=\"entry-utility\">\n\t\t\t\t\t<span class=\"cat-links\">\n\t\t\t\t<span class=\"entry-utility-prep entry-utility-prep-cat-links\">Posted in<\/span> <a href=\"http:\/\/www.cmsr.com.ar\/medicos\/category\/principal\/profesionales\/medicina-general\/\" rel=\"category tag\">MEDICINA GENERAL<\/a>\t\t\t<\/span>\n\t\t\t<span class=\"meta-sep\">|<\/span>\n\t\t\t\t\t\t<span class=\"comments-link\">\n\t\t\t<span>Comentarios desactivados<span class=\"screen-reader-text\"> en Lamolla, Carla Romina<\/span><\/span>\t\t<\/span>\n\t\t\t<\/div>\n<\/div>\n<!-- \/\/ Post Wrap End -->\n\n<!-- NOTE: If you need to make changes to this file, copy it to your current theme's main\n\tdirectory so your changes won't be overwritten when the plugin is upgraded. -->\n\n<!-- Post Wrap Start-->\n<div class=\"post hentry ivycat-post\">\n\n\t<!-- \tThis outputs the post TITLE -->\n\t<h2 class=\"entry-title\"><a href=\"http:\/\/www.cmsr.com.ar\/medicos\/2016\/11\/18\/marin-jorge\/\">Mar\u00edn, Jorge<\/a><\/h2>\n\n\t<!-- \tThis outputs the post EXCERPT.  To display full content including images and html,\n\t\treplace the_excerpt(); with the_content();  below. -->\n\t<div class=\"entry-summary\">\n\t\t<p>MEDICINA GENERAL MP 4839 \/ Los Franceses 260 \/ 4425321 Lunes a Viernes de 9 a 12 hs. y de 16 a 20 hs.<\/p>\n\t<\/div>\n\n\t<!--\tThis outputs the post META information -->\n\t<div class=\"entry-utility\">\n\t\t\t\t\t<span class=\"cat-links\">\n\t\t\t\t<span class=\"entry-utility-prep entry-utility-prep-cat-links\">Posted in<\/span> <a href=\"http:\/\/www.cmsr.com.ar\/medicos\/category\/principal\/profesionales\/medicina-general\/\" rel=\"category tag\">MEDICINA GENERAL<\/a>\t\t\t<\/span>\n\t\t\t<span class=\"meta-sep\">|<\/span>\n\t\t\t\t\t\t<span class=\"comments-link\">\n\t\t\t<a href=\"http:\/\/www.cmsr.com.ar\/medicos\/2016\/11\/18\/marin-jorge\/#respond\">Leave a comment<\/a>\t\t<\/span>\n\t\t\t<\/div>\n<\/div>\n<!-- \/\/ Post Wrap End -->\n\n<!-- NOTE: If you need to make changes to this file, copy it to your current theme's main\n\tdirectory so your changes won't be overwritten when the plugin is upgraded. -->\n\n<!-- Post Wrap Start-->\n<div class=\"post hentry ivycat-post\">\n\n\t<!-- \tThis outputs the post TITLE -->\n\t<h2 class=\"entry-title\"><a href=\"http:\/\/www.cmsr.com.ar\/medicos\/2025\/02\/25\/moschella-paula-andrea\/\">Moschella, Paula Andrea<\/a><\/h2>\n\n\t<!-- \tThis outputs the post EXCERPT.  To display full content including images and html,\n\t\treplace the_excerpt(); with the_content();  below. -->\n\t<div class=\"entry-summary\">\n\t\t<p>MEDICINA GENERAL MP.14805\/ Lugones 221\/ Martes y jueves de 17 a 21\/ 2604413546.<\/p>\n\t<\/div>\n\n\t<!--\tThis outputs the post META information -->\n\t<div class=\"entry-utility\">\n\t\t\t\t\t<span class=\"cat-links\">\n\t\t\t\t<span class=\"entry-utility-prep entry-utility-prep-cat-links\">Posted in<\/span> <a href=\"http:\/\/www.cmsr.com.ar\/medicos\/category\/principal\/profesionales\/medicina-general\/\" rel=\"category tag\">MEDICINA GENERAL<\/a>\t\t\t<\/span>\n\t\t\t<span class=\"meta-sep\">|<\/span>\n\t\t\t\t\t\t<span class=\"comments-link\">\n\t\t\t<span>Comentarios desactivados<span class=\"screen-reader-text\"> en Moschella, Paula Andrea<\/span><\/span>\t\t<\/span>\n\t\t\t<\/div>\n<\/div>\n<!-- \/\/ Post Wrap End -->\n\n<!-- NOTE: If you need to make changes to this file, copy it to your current theme's main\n\tdirectory so your changes won't be overwritten when the plugin is upgraded. -->\n\n<!-- Post Wrap Start-->\n<div class=\"post hentry ivycat-post\">\n\n\t<!-- \tThis outputs the post TITLE -->\n\t<h2 class=\"entry-title\"><a href=\"http:\/\/www.cmsr.com.ar\/medicos\/2016\/11\/18\/nicora-fernandez-luis\/\">Nicora Fern\u00e1ndez, Luis<\/a><\/h2>\n\n\t<!-- \tThis outputs the post EXCERPT.  To display full content including images and html,\n\t\treplace the_excerpt(); with the_content();  below. -->\n\t<div class=\"entry-summary\">\n\t\t<p>MEDICINA GENERAL MP 11751 \/ Belgrano 644 \/ 4430662 Lunes y Jueves de 10 a 13 hs. Martes, Mi\u00e9rcoles y Viernes de 16 a 21 hs.<\/p>\n\t<\/div>\n\n\t<!--\tThis outputs the post META information -->\n\t<div class=\"entry-utility\">\n\t\t\t\t\t<span class=\"cat-links\">\n\t\t\t\t<span class=\"entry-utility-prep entry-utility-prep-cat-links\">Posted in<\/span> <a href=\"http:\/\/www.cmsr.com.ar\/medicos\/category\/principal\/profesionales\/medicina-general\/\" rel=\"category tag\">MEDICINA GENERAL<\/a>\t\t\t<\/span>\n\t\t\t<span class=\"meta-sep\">|<\/span>\n\t\t\t\t\t\t<span class=\"comments-link\">\n\t\t\t<a href=\"http:\/\/www.cmsr.com.ar\/medicos\/2016\/11\/18\/nicora-fernandez-luis\/#respond\">Leave a comment<\/a>\t\t<\/span>\n\t\t\t<\/div>\n<\/div>\n<!-- \/\/ Post Wrap End -->\n\n<!-- NOTE: If you need to make changes to this file, copy it to your current theme's main\n\tdirectory so your changes won't be overwritten when the plugin is upgraded. -->\n\n<!-- Post Wrap Start-->\n<div class=\"post hentry ivycat-post\">\n\n\t<!-- \tThis outputs the post TITLE -->\n\t<h2 class=\"entry-title\"><a href=\"http:\/\/www.cmsr.com.ar\/medicos\/2019\/12\/06\/peralta-lorca-pablo\/\">Peralta Lorca, Pablo<\/a><\/h2>\n\n\t<!-- \tThis outputs the post EXCERPT.  To display full content including images and html,\n\t\treplace the_excerpt(); with the_content();  below. -->\n\t<div class=\"entry-summary\">\n\t\t<p>Medicina General: MP: 13652 \/ C.W. Lencinas 66 3\u00b0 Piso \/ Viernes de 16 a 20.30 Tel: 2604063036<\/p>\n\t<\/div>\n\n\t<!--\tThis outputs the post META information -->\n\t<div class=\"entry-utility\">\n\t\t\t\t\t<span class=\"cat-links\">\n\t\t\t\t<span class=\"entry-utility-prep entry-utility-prep-cat-links\">Posted in<\/span> <a href=\"http:\/\/www.cmsr.com.ar\/medicos\/category\/principal\/profesionales\/medicina-general\/\" rel=\"category tag\">MEDICINA GENERAL<\/a>\t\t\t<\/span>\n\t\t\t<span class=\"meta-sep\">|<\/span>\n\t\t\t\t\t\t<span class=\"comments-link\">\n\t\t\t<a href=\"http:\/\/www.cmsr.com.ar\/medicos\/2019\/12\/06\/peralta-lorca-pablo\/#respond\">Leave a comment<\/a>\t\t<\/span>\n\t\t\t<\/div>\n<\/div>\n<!-- \/\/ Post Wrap End -->\n\n<!-- NOTE: If you need to make changes to this file, copy it to your current theme's main\n\tdirectory so your changes won't be overwritten when the plugin is upgraded. -->\n\n<!-- Post Wrap Start-->\n<div class=\"post hentry ivycat-post\">\n\n\t<!-- \tThis outputs the post TITLE -->\n\t<h2 class=\"entry-title\"><a href=\"http:\/\/www.cmsr.com.ar\/medicos\/2016\/11\/18\/ponte-lafalla-matias\/\">Ponte Lafalla, Mat\u00edas<\/a><\/h2>\n\n\t<!-- \tThis outputs the post EXCERPT.  To display full content including images and html,\n\t\treplace the_excerpt(); with the_content();  below. -->\n\t<div class=\"entry-summary\">\n\t\t<p>MEDICINA GENERAL MP 8918 \/ Corrientes 17 \/ 4425015 Lunes, Martes, Jueves y Viernes de 18 a 20 hs.<\/p>\n\t<\/div>\n\n\t<!--\tThis outputs the post META information -->\n\t<div class=\"entry-utility\">\n\t\t\t\t\t<span class=\"cat-links\">\n\t\t\t\t<span class=\"entry-utility-prep entry-utility-prep-cat-links\">Posted in<\/span> <a href=\"http:\/\/www.cmsr.com.ar\/medicos\/category\/principal\/profesionales\/medicina-general\/\" rel=\"category tag\">MEDICINA GENERAL<\/a>\t\t\t<\/span>\n\t\t\t<span class=\"meta-sep\">|<\/span>\n\t\t\t\t\t\t<span class=\"comments-link\">\n\t\t\t<a href=\"http:\/\/www.cmsr.com.ar\/medicos\/2016\/11\/18\/ponte-lafalla-matias\/#respond\">Leave a comment<\/a>\t\t<\/span>\n\t\t\t<\/div>\n<\/div>\n<!-- \/\/ Post Wrap End -->\n\n<!-- NOTE: If you need to make changes to this file, copy it to your current theme's main\n\tdirectory so your changes won't be overwritten when the plugin is upgraded. -->\n\n<!-- Post Wrap Start-->\n<div class=\"post hentry ivycat-post\">\n\n\t<!-- \tThis outputs the post TITLE -->\n\t<h2 class=\"entry-title\"><a href=\"http:\/\/www.cmsr.com.ar\/medicos\/2016\/11\/18\/ramos-gonzalo\/\">Ramos, Gonzalo<\/a><\/h2>\n\n\t<!-- \tThis outputs the post EXCERPT.  To display full content including images and html,\n\t\treplace the_excerpt(); with the_content();  below. -->\n\t<div class=\"entry-summary\">\n\t\t<p>MEDICINA GENERAL MP 11533 \/ El Libertador 950 \/ 4426070 Lunes a S\u00e1bado<\/p>\n\t<\/div>\n\n\t<!--\tThis outputs the post META information -->\n\t<div class=\"entry-utility\">\n\t\t\t\t\t<span class=\"cat-links\">\n\t\t\t\t<span class=\"entry-utility-prep entry-utility-prep-cat-links\">Posted in<\/span> <a href=\"http:\/\/www.cmsr.com.ar\/medicos\/category\/principal\/profesionales\/medicina-general\/\" rel=\"category tag\">MEDICINA GENERAL<\/a>\t\t\t<\/span>\n\t\t\t<span class=\"meta-sep\">|<\/span>\n\t\t\t\t\t\t<span class=\"comments-link\">\n\t\t\t<a href=\"http:\/\/www.cmsr.com.ar\/medicos\/2016\/11\/18\/ramos-gonzalo\/#respond\">Leave a comment<\/a>\t\t<\/span>\n\t\t\t<\/div>\n<\/div>\n<!-- \/\/ Post Wrap End -->\n\n<!-- NOTE: If you need to make changes to this file, copy it to your current theme's main\n\tdirectory so your changes won't be overwritten when the plugin is upgraded. -->\n\n<!-- Post Wrap Start-->\n<div class=\"post hentry ivycat-post\">\n\n\t<!-- \tThis outputs the post TITLE -->\n\t<h2 class=\"entry-title\"><a href=\"http:\/\/www.cmsr.com.ar\/medicos\/2022\/07\/29\/regalini-pablo\/\">Regalini, Pablo.<\/a><\/h2>\n\n\t<!-- \tThis outputs the post EXCERPT.  To display full content including images and html,\n\t\treplace the_excerpt(); with the_content();  below. -->\n\t<div class=\"entry-summary\">\n\t\t<p>MEDICINA GENERAL MP. 14649 \/ Av. Moreno 568 \/ Tel: 4431760<\/p>\n\t<\/div>\n\n\t<!--\tThis outputs the post META information -->\n\t<div class=\"entry-utility\">\n\t\t\t\t\t<span class=\"cat-links\">\n\t\t\t\t<span class=\"entry-utility-prep entry-utility-prep-cat-links\">Posted in<\/span> <a href=\"http:\/\/www.cmsr.com.ar\/medicos\/category\/principal\/profesionales\/medicina-general\/\" rel=\"category tag\">MEDICINA GENERAL<\/a>\t\t\t<\/span>\n\t\t\t<span class=\"meta-sep\">|<\/span>\n\t\t\t\t\t\t<span class=\"comments-link\">\n\t\t\t<span>Comentarios desactivados<span class=\"screen-reader-text\"> en Regalini, Pablo.<\/span><\/span>\t\t<\/span>\n\t\t\t<\/div>\n<\/div>\n<!-- \/\/ Post Wrap End -->\n\n<!-- NOTE: If you need to make changes to this file, copy it to your current theme's main\n\tdirectory so your changes won't be overwritten when the plugin is upgraded. -->\n\n<!-- Post Wrap Start-->\n<div class=\"post hentry ivycat-post\">\n\n\t<!-- \tThis outputs the post TITLE -->\n\t<h2 class=\"entry-title\"><a href=\"http:\/\/www.cmsr.com.ar\/medicos\/2016\/11\/18\/salafia-carina\/\">Salafia, Carina<\/a><\/h2>\n\n\t<!-- \tThis outputs the post EXCERPT.  To display full content including images and html,\n\t\treplace the_excerpt(); with the_content();  below. -->\n\t<div class=\"entry-summary\">\n\t\t<p>MEDICINA GENERAL MP 8387 \/ Ballofet 1157 \/ 4424639 Lunes y Jueves de 16 a 21 hs.<\/p>\n\t<\/div>\n\n\t<!--\tThis outputs the post META information -->\n\t<div class=\"entry-utility\">\n\t\t\t\t\t<span class=\"cat-links\">\n\t\t\t\t<span class=\"entry-utility-prep entry-utility-prep-cat-links\">Posted in<\/span> <a href=\"http:\/\/www.cmsr.com.ar\/medicos\/category\/principal\/profesionales\/medicina-general\/\" rel=\"category tag\">MEDICINA GENERAL<\/a>\t\t\t<\/span>\n\t\t\t<span class=\"meta-sep\">|<\/span>\n\t\t\t\t\t\t<span class=\"comments-link\">\n\t\t\t<a href=\"http:\/\/www.cmsr.com.ar\/medicos\/2016\/11\/18\/salafia-carina\/#respond\">Leave a comment<\/a>\t\t<\/span>\n\t\t\t<\/div>\n<\/div>\n<!-- \/\/ Post Wrap End -->\n\n<!-- NOTE: If you need to make changes to this file, copy it to your current theme's main\n\tdirectory so your changes won't be overwritten when the plugin is upgraded. -->\n\n<!-- Post Wrap Start-->\n<div class=\"post hentry ivycat-post\">\n\n\t<!-- \tThis outputs the post TITLE -->\n\t<h2 class=\"entry-title\"><a href=\"http:\/\/www.cmsr.com.ar\/medicos\/2016\/11\/18\/sanchez-diego\/\">S\u00e1nchez, Diego<\/a><\/h2>\n\n\t<!-- \tThis outputs the post EXCERPT.  To display full content including images and html,\n\t\treplace the_excerpt(); with the_content();  below. -->\n\t<div class=\"entry-summary\">\n\t\t<p>MEDICINA GENERAL MP 7811 \/\u00a0Moreno 568 \u00a0\/ 4431760 Lunes a Viernes de 9 a 12 \u00a0hs. y de\u00a0 16 a 20.30 hs. &nbsp;<\/p>\n\t<\/div>\n\n\t<!--\tThis outputs the post META information -->\n\t<div class=\"entry-utility\">\n\t\t\t\t\t<span class=\"cat-links\">\n\t\t\t\t<span class=\"entry-utility-prep entry-utility-prep-cat-links\">Posted in<\/span> <a href=\"http:\/\/www.cmsr.com.ar\/medicos\/category\/principal\/profesionales\/medicina-general\/\" rel=\"category tag\">MEDICINA GENERAL<\/a>\t\t\t<\/span>\n\t\t\t<span class=\"meta-sep\">|<\/span>\n\t\t\t\t\t\t<span class=\"comments-link\">\n\t\t\t<a href=\"http:\/\/www.cmsr.com.ar\/medicos\/2016\/11\/18\/sanchez-diego\/#respond\">Leave a comment<\/a>\t\t<\/span>\n\t\t\t<\/div>\n<\/div>\n<!-- \/\/ Post Wrap End -->\n\n<!-- NOTE: If you need to make changes to this file, copy it to your current theme's main\n\tdirectory so your changes won't be overwritten when the plugin is upgraded. -->\n\n<!-- Post Wrap Start-->\n<div class=\"post hentry ivycat-post\">\n\n\t<!-- \tThis outputs the post TITLE -->\n\t<h2 class=\"entry-title\"><a href=\"http:\/\/www.cmsr.com.ar\/medicos\/2019\/06\/24\/simonazzi-luis\/\">Simonazzi, Luis<\/a><\/h2>\n\n\t<!-- \tThis outputs the post EXCERPT.  To display full content including images and html,\n\t\treplace the_excerpt(); with the_content();  below. -->\n\t<div class=\"entry-summary\">\n\t\t<p>Medicina General MP. 12205 \/ Hip\u00f3lito Irigoyen 985 Viernes desde las 13:00 Hs. (Guardia)<\/p>\n\t<\/div>\n\n\t<!--\tThis outputs the post META information -->\n\t<div class=\"entry-utility\">\n\t\t\t\t\t<span class=\"cat-links\">\n\t\t\t\t<span class=\"entry-utility-prep entry-utility-prep-cat-links\">Posted in<\/span> <a href=\"http:\/\/www.cmsr.com.ar\/medicos\/category\/principal\/profesionales\/medicina-general\/\" rel=\"category tag\">MEDICINA GENERAL<\/a>\t\t\t<\/span>\n\t\t\t<span class=\"meta-sep\">|<\/span>\n\t\t\t\t\t\t<span class=\"comments-link\">\n\t\t\t<a href=\"http:\/\/www.cmsr.com.ar\/medicos\/2019\/06\/24\/simonazzi-luis\/#respond\">Leave a comment<\/a>\t\t<\/span>\n\t\t\t<\/div>\n<\/div>\n<!-- \/\/ Post Wrap End -->\n\n<!-- NOTE: If you need to make changes to this file, copy it to your current theme's main\n\tdirectory so your changes won't be overwritten when the plugin is upgraded. -->\n\n<!-- Post Wrap Start-->\n<div class=\"post hentry ivycat-post\">\n\n\t<!-- \tThis outputs the post TITLE -->\n\t<h2 class=\"entry-title\"><a href=\"http:\/\/www.cmsr.com.ar\/medicos\/2016\/11\/18\/sin-jose\/\">Sin, Jos\u00e9<\/a><\/h2>\n\n\t<!-- \tThis outputs the post EXCERPT.  To display full content including images and html,\n\t\treplace the_excerpt(); with the_content();  below. -->\n\t<div class=\"entry-summary\">\n\t\t<p>MEDICINA GENERAL MP 10231 \/ Bariloche 848 \/ 4434861 Lunes a Viernes de 16 a 20 hs.<\/p>\n\t<\/div>\n\n\t<!--\tThis outputs the post META information -->\n\t<div class=\"entry-utility\">\n\t\t\t\t\t<span class=\"cat-links\">\n\t\t\t\t<span class=\"entry-utility-prep entry-utility-prep-cat-links\">Posted in<\/span> <a href=\"http:\/\/www.cmsr.com.ar\/medicos\/category\/principal\/profesionales\/medicina-general\/\" rel=\"category tag\">MEDICINA GENERAL<\/a>\t\t\t<\/span>\n\t\t\t<span class=\"meta-sep\">|<\/span>\n\t\t\t\t\t\t<span class=\"comments-link\">\n\t\t\t<a href=\"http:\/\/www.cmsr.com.ar\/medicos\/2016\/11\/18\/sin-jose\/#respond\">Leave a comment<\/a>\t\t<\/span>\n\t\t\t<\/div>\n<\/div>\n<!-- \/\/ Post Wrap End -->\n\n<!-- NOTE: If you need to make changes to this file, copy it to your current theme's main\n\tdirectory so your changes won't be overwritten when the plugin is upgraded. -->\n\n<!-- Post Wrap Start-->\n<div class=\"post hentry ivycat-post\">\n\n\t<!-- \tThis outputs the post TITLE -->\n\t<h2 class=\"entry-title\"><a href=\"http:\/\/www.cmsr.com.ar\/medicos\/2016\/11\/18\/yasuff-yair\/\">Yasuff, Yair<\/a><\/h2>\n\n\t<!-- \tThis outputs the post EXCERPT.  To display full content including images and html,\n\t\treplace the_excerpt(); with the_content();  below. -->\n\t<div class=\"entry-summary\">\n\t\t<p>MEDICINA GENERAL MP 11115 \/ Espejo esq. Chile \/\u00a04420152 Jueves de 16.30 a 20 hs.<\/p>\n\t<\/div>\n\n\t<!--\tThis outputs the post META information -->\n\t<div class=\"entry-utility\">\n\t\t\t\t\t<span class=\"cat-links\">\n\t\t\t\t<span class=\"entry-utility-prep entry-utility-prep-cat-links\">Posted in<\/span> <a href=\"http:\/\/www.cmsr.com.ar\/medicos\/category\/principal\/profesionales\/medicina-general\/\" rel=\"category tag\">MEDICINA GENERAL<\/a>\t\t\t<\/span>\n\t\t\t<span class=\"meta-sep\">|<\/span>\n\t\t\t\t\t\t<span class=\"comments-link\">\n\t\t\t<a href=\"http:\/\/www.cmsr.com.ar\/medicos\/2016\/11\/18\/yasuff-yair\/#respond\">Leave a comment<\/a>\t\t<\/span>\n\t\t\t<\/div>\n<\/div>\n<!-- \/\/ Post Wrap End -->\n\n<!-- NOTE: If you need to make changes to this file, copy it to your current theme's main\n\tdirectory so your changes won't be overwritten when the plugin is upgraded. -->\n\n<!-- Post Wrap Start-->\n<div class=\"post hentry ivycat-post\">\n\n\t<!-- \tThis outputs the post TITLE -->\n\t<h2 class=\"entry-title\"><a href=\"http:\/\/www.cmsr.com.ar\/medicos\/2020\/01\/02\/zotelo-yanina\/\">Zotelo, Yanina<\/a><\/h2>\n\n\t<!-- \tThis outputs the post EXCERPT.  To display full content including images and html,\n\t\treplace the_excerpt(); with the_content();  below. -->\n\t<div class=\"entry-summary\">\n\t\t<p>MP. 11412 \/ Chile y espejo (INSTITUTO PLAZA) \/ Mi\u00e9rcoles de 16 a 20:30\/ 2604849196<\/p>\n\t<\/div>\n\n\t<!--\tThis outputs the post META information -->\n\t<div class=\"entry-utility\">\n\t\t\t\t\t<span class=\"cat-links\">\n\t\t\t\t<span class=\"entry-utility-prep entry-utility-prep-cat-links\">Posted in<\/span> <a href=\"http:\/\/www.cmsr.com.ar\/medicos\/category\/principal\/profesionales\/medicina-general\/\" rel=\"category tag\">MEDICINA GENERAL<\/a>\t\t\t<\/span>\n\t\t\t<span class=\"meta-sep\">|<\/span>\n\t\t\t\t\t\t<span class=\"comments-link\">\n\t\t\t<a href=\"http:\/\/www.cmsr.com.ar\/medicos\/2020\/01\/02\/zotelo-yanina\/#respond\">Leave a comment<\/a>\t\t<\/span>\n\t\t\t<\/div>\n<\/div>\n<!-- \/\/ Post Wrap End -->\n\n","protected":false},"excerpt":{"rendered":"","protected":false},"author":1,"featured_media":0,"parent":0,"menu_order":0,"comment_status":"closed","ping_status":"closed","template":"","meta":[],"_links":{"self":[{"href":"http:\/\/www.cmsr.com.ar\/medicos\/wp-json\/wp\/v2\/pages\/1802"}],"collection":[{"href":"http:\/\/www.cmsr.com.ar\/medicos\/wp-json\/wp\/v2\/pages"}],"about":[{"href":"http:\/\/www.cmsr.com.ar\/medicos\/wp-json\/wp\/v2\/types\/page"}],"author":[{"embeddable":true,"href":"http:\/\/www.cmsr.com.ar\/medicos\/wp-json\/wp\/v2\/users\/1"}],"replies":[{"embeddable":true,"href":"http:\/\/www.cmsr.com.ar\/medicos\/wp-json\/wp\/v2\/comments?post=1802"}],"version-history":[{"count":4,"href":"http:\/\/www.cmsr.com.ar\/medicos\/wp-json\/wp\/v2\/pages\/1802\/revisions"}],"predecessor-version":[{"id":3718,"href":"http:\/\/www.cmsr.com.ar\/medicos\/wp-json\/wp\/v2\/pages\/1802\/revisions\/3718"}],"wp:attachment":[{"href":"http:\/\/www.cmsr.com.ar\/medicos\/wp-json\/wp\/v2\/media?parent=1802"}],"curies":[{"name":"wp","href":"https:\/\/api.w.org\/{rel}","templated":true}]}}